what is 4635 - 5?
4630
In base 4, what is -1303 + 0?
-1303
In base 16, what is 4 + -39?
-35
In base 11, what is -7213 - -1?
-7212
In base 7, what is 10636 - -2?
10641
In base 3, what is -2010000 + 2?
-2002221
In base 7, what is -1452 + -4?
-1456
In base 9, what is -134 - 2?
-136
In base 14, what is -3558 - -1?
-3557
In base 11, what is 0 - a8?
-a8
In base 12, what is -1 + -263?
-264
In base 4, what is 1213 - 122?
1031
In base 16, what is 408 + -a?
3fe
In base 2, what is -101 - -10001110?
10001001
In base 13, what is -2 - 354?
-356
In base 10, what is 17 - -14?
31
In base 3, what is 1021011 + 11?
1021022
In base 6, what is 0 + -2053?
-2053
In base 7, what is -33 - 1560?
-1623
In base 13, what is 5a4 + -5?
59c
In base 12, what is -1 + 3b54?
3b53
In base 4, what is -1 + -2131?
-2132
In base 9, what is -41 + 184?
143
In base 13, what is 716 - -3?
719
In base 12, what is bb + 4?
103
In base 8, what is 11 - 1750?
-1737
In base 5, what is 12 + 3001?
3013
In base 13, what is -820 - -1?
-81c
In base 9, what is -11 + -2754?
-2765
In base 6, what is 2 + -4300?
-4254
In base 12, what is -574 + -3?
-577
In base 14, what is 246 - 0?
246
In base 4, what is 1 + 10023?
10030
In base 7, what is -16 + -1113?
-1132
In base 12, what is 2 + 31?
33
In base 5, what is 41 - 211?
-120
In base 7, what is -234 + -2?
-236
In base 11, what is -5 + 3761?
3757
In base 8, what is 1126 + 3?
1131
In base 9, what is 34 + 58?
103
In base 3, what is -212 - -12?
-200
In base 2, what is -111 - -100011?
11100
In base 5, what is 240 + -2?
233
In base 13, what is -3 - 2c9?
-2cc
In base 5, what is 1010 - -211?
1221
In base 12, what is -6 - b5?
-bb
In base 14, what is -67 + -4?
-6b
In base 13, what is -103c - -2?
-103a
In base 16, what is 31 + 95?
c6
In base 12, what is -8a - 2?
-90
In base 6, what is -4 - -2453?
2445
In base 13, what is 5 - 16a?
-165
In base 7, what is 3016 + 3?
3022
In base 8, what is 11 + 511?
522
In base 4, what is -2000 + 13?
-1321
In base 5, what is 2034 + 2?
2041
In base 8, what is 23 + -56?
-33
In base 2, what is -110 + 101110?
101000
In base 12, what is 623 + -5?
61a
In base 11, what is 1 - -65?
66
In base 4, what is 330232 - -2?
330300
In base 16, what is 6 + -1?
5
In base 3, what is -2022 - 101202?
-111001
In base 7, what is 4 - 102?
-65
In base 15, what is -158 + 5?
-153
In base 4, what is 10 + -22?
-12
In base 4, what is 2331 + 31?
3022
In base 10, what is 13241 - 2?
13239
In base 11, what is 2 + -662?
-660
In base 3, what is 12 - 112?
-100
In base 6, what is -34 - -31?
-3
In base 4, what is 1331 + 111?
2102
In base 6, what is 4 + 150?
154
In base 2, what is -11110 - 1101?
-101011
In base 9, what is 58 - 6?
52
In base 8, what is -11335 - -1?
-11334
In base 6, what is 2 + 212?
214
In base 10, what is -13 - 25?
-38
In base 12, what is -a1b4 + -4?
-a1b8
In base 13, what is 170 + 0?
170
In base 6, what is 4 - -1541?
1545
In base 11, what is 869 - 5?
864
In base 12, what is 230 + 0?
230
In base 16, what is -a + d?
3
In base 8, what is -142 - -3?
-137
In base 8, what is -404 - -12?
-372
In base 6, what is 3 - 1514?
-1511
In base 5, what is 11 + 1322?
1333
In base 5, what is 3 - -1004?
1012
In base 13, what is -1 + -8?
-9
In base 5, what is -1 + -1013?
-1014
In base 5, what is 33 - 12?
21
In base 2, what is -1 - -100010110?
100010101
In base 4, what is -322 - 1?
-323
In base 6, what is 0 + -11452?
-11452
In base 7, what is -1513 + -3?
-1516
In base 6, what is -311 + 4?
-303
In base 12, what is -5 - 866?
-86b
In base 3, what is 0 - 212201?
-212201
In base 12, what is -11 + -48?
-59
In base 7, what is 621 + 3?
624
In base 11, what is -1 + 621?
620
In base 12, what is -176 - -2?
-174
In base 7, what is 0 - 13114?
-13114
In base 7, what is -1634 + 13?
-1621
In base 10, what is -44 - -16?
-28
In base 12, what is 14 - -133?
147
In base 16, what is -5 + -24?
-29
In base 4, what is 201 + -11?
130
In base 6, what is 413 - -3?
420
In base 15, what is -2 - -6b?
69
In base 6, what is 3 - 4033?
-4030
In base 11, what is 9 - 2875?
-2867
In base 16, what is -5 - baa?
-baf
In base 5, what is 33 - 43?
-10
In base 15, what is 3b + 39?
75
In base 16, what is -30b - -3?
-308
In base 7, what is -10 + -665?
-1005
In base 4, what is 2 - 2233?
-2231
In base 11, what is -37a - -5?
-375
In base 6, what is 2 - -5310?
5312
In base 7, what is -636 - 35?
-1004
In base 4, what is -32 + -21?
-113
In base 13, what is 74 + -10?
64
In base 11, what is 3 + -718?
-715
In base 13, what is -7 + -875?
-87c
In base 10, what is 4 - 352?
-348
In base 16, what is 200 + -1a?
1e6
In base 13, what is 35a - -14?
371
In base 16, what is 0 - c?
-c
In base 9, what is 24 + 17?
42
In base 5, what is -13 - 14434?
-20002
In base 15, what is -a - -61?
56
In base 5, what is -1012 - 1114?
-2131
In base 2, what is -1011100 + 1110?
-1001110
In base 12, what is -56 - -46?
-10
In base 8, what is -25 - -353?
326
In base 5, what is 2 - -1443?
2000
In base 8, what is -5 + 226?
221
In base 16, what is -1 - 0?
-1
In base 7, what is -202 - -15?
-154
In base 6, what is 520 + 0?
520
In base 6, what is -11012 + 1?
-11011
In base 14, what is 26 - 13?
13
In base 9, what is -543 + -2?
-545
In base 11, what is 114 - -109?
222
In base 4, what is -13123 - -2?
-13121
In base 12, what is -b - -69?
5a
In base 7, what is -2 - -56?
54
In base 15, what is -14 - 89?
-9d
In base 6, what is 135 + -20?
115
In base 2, what is 1 + -10111110?
-10111101
In base 12, what is -2 + 2a78?
2a76
In base 3, what is 210001 + 0?
210001
In base 7, what is 434 - -2?
436
In base 15, what is 2d + -1?
2c
In base 12, what is 5 - 48?
-43
In base 6, what is -4 + 0?
-4
In base 8, what is -527 - 12?
-541
In base 13, what is -a2 + -b?
-b0
In base 15, what is 1c6 - 1d?
1a8
In base 10, what is -20057 - -3?
-20054
In base 16, what is 4e1 - 5?
4dc
In base 3, what is 12 + -12120?
-12101
In base 16, what is 2 + -3?
-1
In base 8, what is -4 - -33?
27
In base 13, what is -5 + 13b?
136
In base 12, what is -6 + 9a?
94
In base 13, what is 131 + -26?
108
In base 8, what is -2 + -626?
-630
In base 11, what is -754 - 2?
-756
In base 3, what is -102120 - -2?
-102111
In base 14, what is -66 + -3?
-69
In base 10, what is 1124 + 2?
1126
In base 7, what is 1 + 15?
16
In base 4, what is -20 + -13?
-33
In base 6, what is 100 - 11?
45
In base 14, what is -63 - 9?
-6c
In base 3, what is 10002011 + 0?
10002011
In base 12, what is -16 - -9?
-9
In base 2, what is -11 - 10100011111?
-10100100010
In base 5, what is -4 - 222?
-231
In base 7, what is 5 + 456?
464
In base 3, what is 0 - 2002?
-2002
In base 13, what is -358 - 5?
-360
In base 5, what is -10 + -202?
-212
In base 5, what is -4 - -231440?
231431
In base 14, what is 1 + -430?
-42d
In base 12, what is 23 + -3?
20
In base 2, what is 1010110 - -100?
1011010
In base 15, what is -ab3 + -4?
-ab7
In base 12, what is -30 + -b?
-3b
In base 16, what is 0 - 62?
-62
In base 9, what is 0 - 15251?
-15251
In base 15, what is 26b - -3?
26e
In base 12, what is -11 - 25?
-36
In base 16, what is 8 - -4?
c
In base 8, what is -5 - -16246?
16241
In base 10, what is -2 - -3196?
3194
In base 16, what is 8c - -4?
90
In base 5, what is 43 - -4?
102
In base 15, what is 0 + -34?
-34
In base 12, what is 4 + 20?
24
In base 7, what is -156664 + 3?
-156661
In base 6, what is -20 - 14?
-34
In base 13, what is 59 - -2a?
86
In base 3, what is -101020 + -2?
-101022
In base 16, what is -51 + -4?
-55
In base 8, what is -31 + 4?
-25
In base 10, what is -9 - 110?
-119
In base 2, what is -11101 + -1010?
-100111
In base 6, what is 2 - -21004?
21010
In base 13, what is 1 - -59?
5a
In base 10, what is -3 - -422?
419
In base 3, what is 212 - -211?
1200
In base 8, what is 4 + -243?
-237
In base 3, what is -102120 - -10?
-102110
In base 4, what is -2112 + -3?
-2121
In base 9, what is 0 + -7781?
-7781
In base 5, what is 4 - -142?
201
In base 4, what is -22 + 331?
303
In base 10, what is -26 - 15?
-41
In base 16, what is -2 - -2?
0
In base 15, what is 250 - -3?
253
In base 4, what is 1 + 13?
20
In base 6, what is -33 - -5?
-24
In base 3, what is 10 - 1001?
-221
In base 10, what is 2723 - 3?
2720
In base 6, what is -3 + -1550?
-1553
In base 13, what is 3 - 2972?
-296c
In base 6, what is -12221 - -5?
-12212
In base 10, what is 26 - 30?
-4
In base 7, what is 100 + -2?
65
In base 4, what is 